?
-1b7
In base 2, what is 10111101010 - -101?
10111101111
In base 13, what is 1c + -11?
b
In base 3, what is -211211 - 2?
-211220
In base 6, what is 0 - -1053?
1053
In base 10, what is -1382 - 0?
-1382
In base 2, what is 111 - -101000000?
101000111
In base 2, what is 11110001001 + -11?
11110000110
In base 9, what is 803 + -1?
802
In base 2, what is -11 + -10110001001?
-10110001100
In base 14, what is 0 + 400?
400
In base 10, what is -16 - 7?
-23
In base 4, what is -2023 + -3?
-2032
In base 13, what is -1a92 + -5?
-1a97
In base 10, what is 4 - -391?
395
In base 4, what is 32022 + -13?
32003
In base 12, what is 4 + 2695?
2699
In base 11, what is -381 + -36?
-407
In base 2, what is 100 - 0?
100
In base 8, what is -157 + 11?
-146
In base 2, what is -10001 - -11100100?
11010011
In base 16, what is -4 - 1f92?
-1f96
In base 5, what is -40 + -243?
-333
In base 14, what is -221b + 2?
-2219
In base 3, what is -100 + -10100?
-10200
In base 15, what is -1ab + -2c?
-1d8
In base 9, what is 86 - 21?
65
In base 6, what is 1 + -1240?
-1235
In base 9, what is -3413 - -6?
-3406
In base 3, what is 1111 - 10?
1101
In base 8, what is -4424 - 2?
-4426
In base 12, what is -20 + 24?
4
In base 2, what is 1000 - 1100?
-100
In base 15, what is 3 + -176?
-173
In base 7, what is 16601 - 3?
16565
In base 6, what is 14440 + 1?
14441
In base 7, what is 3530 - -10?
3540
In base 3, what is -2 - 221?
-1000
In base 11, what is 1 + 371?
372
In base 7, what is -2 - 20653?
-20655
In base 7, what is -1144 + -103?
-1250
In base 6, what is -32055 - 11?
-32110
In base 9, what is 205 - 4?
201
In base 3, what is -21 + -1021?
-1112
In base 12, what is 26 + -38b?
-365
In base 12, what is -230 + -5?
-235
In base 6, what is -10112 + 10?
-10102
In base 10, what is -1 + -53?
-54
In base 12, what is -5843 - -3?
-5840
In base 14, what is -d1 - -a?
-c5
In base 14, what is 2 - -1158?
115a
In base 11, what is -1 + -6a?
-70
In base 7, what is 1045 - -121?
1166
In base 3, what is 2200 - 20?
2110
In base 13, what is 0 + 19?
19
In base 11, what is -634 - -11?
-623
In base 2, what is 1100 - 101110?
-100010
In base 8, what is 20 - -305?
325
In base 5, what is -233 + -22?
-310
In base 3, what is 12 - -2222?
10011
In base 12, what is -6 + 5?
-1
In base 13, what is 16 - 12?
4
In base 8, what is -1306 + -4?
-1312
In base 10, what is -2 + 776?
774
In base 3, what is -12211 + -1?
-12212
In base 6, what is -14012 - 1?
-14013
In base 15, what is -2a + 0?
-2a
In base 11, what is 2079 + -4?
2075
In base 15, what is 1ca9 - 3?
1ca6
In base 14, what is 743 - 0?
743
In base 16, what is -2 - 3a8?
-3aa
In base 14, what is 3154 + 4?
3158
In base 7, what is -1016 - 3?
-1022
In base 3, what is 2 - -12120?
12122
In base 8, what is 1 + -64?
-63
In base 7, what is -665 - 0?
-665
In base 4, what is -1031 - 1011?
-2102
In base 10, what is 2 - -400?
402
In base 12, what is 7 + 169?
174
In base 14, what is 9d + -5?
98
In base 10, what is -5 + -235?
-240
In base 8, what is -14045 + -3?
-14050
In base 15, what is 2 - -13?
15
In base 9, what is -17 - -7?
-10
In base 8, what is 6 - -33?
41
In base 14, what is -6 + 4c?
46
In base 15, what is 2b + -96?
-6a
In base 8, what is 120 + -10?
110
In base 15, what is 46 + -3?
43
In base 8, what is -15360 - -1?
-15357
In base 9, what is 4 - 38?
-34
In base 5, what is 2104 - -22?
2131
In base 3, what is 120 - 2021?
-1201
In base 14, what is -38 - -9?
-2d
In base 4, what is 1213 - 2?
1211
In base 15, what is b9 - -2e?
e8
In base 14, what is -2 + 4?
2
In base 7, what is -3 + 11654?
11651
In base 14, what is 0 + -11?
-11
In base 10, what is -1416 + -4?
-1420
In base 9, what is 112 + -5?
106
In base 11, what is -6 - -31?
26
In base 14, what is -18d - 5?
-194
In base 2, what is 100001100100 - 11?
100001100001
In base 6, what is 1 - 104?
-103
In base 8, what is 2 - -74?
76
In base 7, what is 2 + -1014?
-1012
In base 15, what is -2d + 8?
-25
In base 8, what is -2425 - -2?
-2423
In base 7, what is -336 + 305?
-31
In base 2, what is -111 + -11001?
-100000
In base 14, what is -1 + -59?
-5a
In base 13, what is -10c - 4?
-113
In base 2, what is 1010101011010 + 1?
1010101011011
In base 4, what is 230 - 1101?
-211
In base 14, what is -13 + -1?
-14
In base 4, what is -12 - -22323?
22311
In base 15, what is -4 - 58?
-5c
In base 4, what is 12 - 21201?
-21123
In base 3, what is 21002 + -11?
20221
In base 7, what is 1630 + -3?
1624
In base 9, what is 2 + -11?
-8
In base 7, what is 22 + -105?
-53
In base 6, what is -5 - -2440?
2431
In base 12, what is -1 - 46?
-47
In base 9, what is -3 - -17?
14
In base 7, what is 153 + -514?
-331
In base 10, what is 351 - -27?
378
In base 5, what is 11 + 30?
41
In base 5, what is -1 + 130?
124
In base 3, what is -10 - 1201011?
-1201021
In base 8, what is 777 + 4?
1003
In base 9, what is -180 - 3?
-183
In base 3, what is -121100 - 11?
-121111
In base 5, what is 2323 + -4?
2314
In base 6, what is 2 - -50204?
50210
In base 12, what is -3 + 74?
71
In base 3, what is 1101 + -2?
1022
In base 16, what is -2 - 188?
-18a
In base 5, what is 33041 - 1?
33040
In base 5, what is 31 - -1013?
1044
In base 14, what is 23 + -3c?
-19
In base 3, what is -201120 - 21?
-201211
In base 7, what is -1243 + 3?
-1240
In base 8, what is -45 + 4?
-41
In base 6, what is 104 + 14?
122
In base 12, what is 19 + 9?
26
In base 13, what is 7a + 6a?
117
In base 13, what is 620 + -4?
619
In base 16, what is 13d + 0?
13d
In base 14, what is da + -2?
d8
In base 16, what is -4b2 + 5?
-4ad
In base 6, what is -55 - -23?
-32
In base 3, what is 10110202 - 12?
10110120
In base 11, what is 6 + -147?
-141
In base 11, what is 7 - -a27?
a33
In base 13, what is -6 + -35?
-3b
In base 12, what is 5 + 41?
46
In base 11, what is -2 - 76?
-78
In base 10, what is -94 - -76?
-18
In base 5, what is -2241 - 4?
-2300
In base 16, what is -31 + -22?
-53
In base 11, what is 37a - -4?
383
In base 4, what is 1121200 - 3?
1121131
In base 9, what is 5 - -33?
38
In base 9, what is 1 - 1813?
-1812
In base 16, what is 2d1 - 4?
2cd
In base 16, what is 118 + -9?
10f
In base 11, what is 22 + -60?
-39
In base 3, what is 120101 - 2?
120022
In base 3, what is -111020 - 0?
-111020
In base 6, what is 22 - -1002?
1024
In base 6, what is 51520 + -3?
51513
In base 5, what is 31 + 1432?
2013
In base 8, what is 353 + 2?
355
In base 15, what is -111 + -24?
-135
In base 2, what is -10110101 - -110000?
-10000101
In base 7, what is -242 + -110?
-352
In base 9, what is -7557 + 5?
-7552
In base 13, what is 8 - 12c?
-124
In base 5, what is 104 - -2300?
2404
In base 14, what is -aa - 4?
-b0
In base 2, what is 1000 - 110110?
-101110
In base 8, what is -3371 - -3?
-3366
In base 16, what is -1 + -18?
-19
In base 6, what is 22 - 12050?
-12024
In base 3, what is -12 + 2020?
2001
In base 6, what is -5 - 5352?
-5401
In base 6, what is 120433 - 2?
120431
In base 7, what is 326 + 1?
330
In base 8, what is -30 - 1173?
-1223
In base 3, what is 22 + 11110120?
11110212
In base 2, what is 1000111011111 - -1?
1000111100000
In base 15, what is -4 - 48a?
-48e
In base 8, what is 103 + -16?
65
In base 13, what is -2248 + 5?
-2243
In base 4, what is 310 + -3032?
-2122
In base 15, what is -3 - -7?
4
In base 8, what is 41 + 1?
42
In base 14, what is -15d - 6?
-165
In base 5, what is 233121 - 2?
233114
In base 2, what is 1110010 - 100?
1101110
In base 4, what is 10 + -121131?
-121121
In base 4, what is -3 + -1303?
-1312
In base 8, what is -71 + -1?
-72
In base 2, what is 110 + 10100000001?
10100000111
In base 8, what is -2 + -3633?
-3635
In base 4, what is -130121 + 1?
-130120
In base 3, what is 1 + -10001120?
-10001112
In base 5, what is -111 - -2?
-104
In base 13, what is 2 - 25?
-23
In base 14, what is 4c4 + 3?
4c7
In base 3, what is 10212010 - -2?
10212012
In base 5, what is 44 + -3?
41
In base 3, what is -102220220 + -11?
-102221001
In base 3, what is -1021 + -10?
-1101
In base 2, what is 111 - -100010010?
100011001
In base 13, what is -1a10 - -4?
-1a09
In base 5, what is -4034 - 2?
-4041
In base 10, what is -4 - 82?
-86
In base 5, what is 4 - 2012?
-2003
In base 10, what is 3 + -261?
-258
In base 11, what is 5 - 79?
-74
In base 4, what is -313310 - 1?
-313311
In base 3, what is -20 + 200?
110
In base 7, what is -4 - 212?
-216
In base 2, what is 11 - 100101111001?
-100101110110
In ba